{"id":6,"date":"2026-01-09T09:07:08","date_gmt":"2026-01-09T08:56:55","guid":{"rendered":"https:\/\/career.hitalento.com\/danske-malermestre\/danske-malermestre\/"},"modified":"2026-01-09T14:04:55","modified_gmt":"2026-01-09T14:04:55","slug":"danske-malermestre","status":"publish","type":"page","link":"https:\/\/career.hitalento.com\/danske-malermestre\/","title":{"rendered":"Danske Malermestre"},"content":{"rendered":"<p>a:5:{i:0;a:24:{s:13:&#8221;buttonActions&#8221;;a:2:{s:19:&#8221;primaryButtonAction&#8221;;N;s:21:&#8221;secondaryButtonAction&#8221;;N;}s:2:&#8221;id&#8221;;i:14811;s:4:&#8221;type&#8221;;s:6:&#8221;header&#8221;;s:8:&#8221;listType&#8221;;N;s:10:&#8221;blockOrder&#8221;;i:0;s:5:&#8221;title&#8221;;s:8:&#8221;Karriere&#8221;;s:8:&#8221;subTitle&#8221;;s:187:&#8221;Bliv en del af en st\u00e6rk forening der hj\u00e6lper danske malermestre med faglig, teknisk og juridisk r\u00e5dgivning herunder tr\u00e6ffe de rigtige beslutninger i komplekse maler- og byggeprojekter&#8221;;s:4:&#8221;body&#8221;;N;s:14:&#8221;backgroundType&#8221;;s:5:&#8221;image&#8221;;s:17:&#8221;backgroundPattern&#8221;;N;s:15:&#8221;backgroundColor&#8221;;s:11:&#8221;transparent&#8221;;s:15:&#8221;backgroundVideo&#8221;;N;s:9:&#8221;blockSize&#8221;;s:2:&#8221;sm&#8221;;s:15:&#8221;paddingVertical&#8221;;s:2:&#8221;md&#8221;;s:9:&#8221;imageLeft&#8221;;b:1;s:19:&#8221;primaryButtonAction&#8221;;N;s:21:&#8221;secondaryButtonAction&#8221;;N;s:11:&#8221;contactName&#8221;;N;s:12:&#8221;contactEmail&#8221;;N;s:9:&#8221;createdAt&#8221;;s:24:&#8221;2026-01-09T08:56:55.391Z&#8221;;s:9:&#8221;updatedAt&#8221;;s:24:&#8221;2026-01-09T10:37:21.299Z&#8221;;s:6:&#8221;pageId&#8221;;i:3105;s:14:&#8221;organizationId&#8221;;i:926;s:5:&#8221;files&#8221;;a:1:{i:0;a:18:{s:2:&#8221;id&#8221;;i:178948;s:4:&#8221;uuid&#8221;;s:36:&#8221;105676b5-75fe-40e5-9d5e-675afbccc0c8&#8243;;s:8:&#8221;filename&#8221;;s:41:&#8221;Skaermbillede_2026_01_09_kl._11.22.28.png&#8221;;s:4:&#8221;type&#8221;;s:5:&#8221;image&#8221;;s:7:&#8221;docType&#8221;;s:5:&#8221;other&#8221;;s:8:&#8221;mimeType&#8221;;s:9:&#8221;image\/png&#8221;;s:9:&#8221;bucketKey&#8221;;s:115:&#8221;c43ad187-7d72-4bbe-84c4-98e6ac0beecf\/105676b5-75fe-40e5-9d5e-675afbccc0c8\/Skaermbillede_2026_01_09_kl._11.22.28.png&#8221;;s:3:&#8221;alt&#8221;;N;s:6:&#8221;public&#8221;;b:1;s:4:&#8221;isCp&#8221;;b:1;s:4:&#8221;temp&#8221;;b:0;s:9:&#8221;createdAt&#8221;;s:24:&#8221;2026-01-09T10:29:11.002Z&#8221;;s:9:&#8221;updatedAt&#8221;;s:24:&#8221;2026-01-09T10:29:50.524Z&#8221;;s:10:&#8221;brandingId&#8221;;N;s:7:&#8221;blockId&#8221;;i:14811;s:14:&#8221;organizationId&#8221;;i:926;s:10:&#8221;positionId&#8221;;N;s:13:&#8221;applicationId&#8221;;N;}}}i:1;a:24:{s:13:&#8221;buttonActions&#8221;;a:2:{s:19:&#8221;primaryButtonAction&#8221;;N;s:21:&#8221;secondaryButtonAction&#8221;;N;}s:2:&#8221;id&#8221;;i:14819;s:4:&#8221;type&#8221;;s:20:&#8221;paragraph_with_image&#8221;;s:8:&#8221;listType&#8221;;N;s:10:&#8221;blockOrder&#8221;;i:1;s:5:&#8221;title&#8221;;s:0:&#8221;&#8221;;s:8:&#8221;subTitle&#8221;;N;s:4:&#8221;body&#8221;;s:569:&#8221;<\/p>\n<h2>Om Danske Malermestre<\/h2>\n<p><span>Danske Malermestre er arbejdsgiver\u00adforeningen og brancheorganisationen for alle Danmarks malervirksomheder. Danske Malermestre best\u00e5r af 35 lav og mesterforeninger, og har sekretariat i b\u00e5de K\u00f8benhavn og \u00c5rhus.<\/span><\/p>\n<p><span>Danske Malermestre blev dannet i 1990 som resultatet af en fusion mellem to arbejdsgiverforeninger for malere, Centralforeningen af Malermestre i Danmark (CMD) og Danske Maler\u00ad\u00admestres Arbejdsgiverforening (DMA).<\/span><\/p>\n<p>&#8220;;s:14:&#8221;backgroundType&#8221;;N;s:17:&#8221;backgroundPattern&#8221;;N;s:15:&#8221;backgroundColor&#8221;;s:11:&#8221;transparent&#8221;;s:15:&#8221;backgroundVideo&#8221;;N;s:9:&#8221;blockSize&#8221;;s:2:&#8221;md&#8221;;s:15:&#8221;paddingVertical&#8221;;s:2:&#8221;md&#8221;;s:9:&#8221;imageLeft&#8221;;b:1;s:19:&#8221;primaryButtonAction&#8221;;N;s:21:&#8221;secondaryButtonAction&#8221;;N;s:11:&#8221;contactName&#8221;;N;s:12:&#8221;contactEmail&#8221;;N;s:9:&#8221;createdAt&#8221;;s:24:&#8221;2026-01-09T09:24:06.893Z&#8221;;s:9:&#8221;updatedAt&#8221;;s:24:&#8221;2026-01-09T09:34:11.110Z&#8221;;s:6:&#8221;pageId&#8221;;i:3105;s:14:&#8221;organizationId&#8221;;i:926;s:5:&#8221;files&#8221;;a:1:{i:0;a:18:{s:2:&#8221;id&#8221;;i:178916;s:4:&#8221;uuid&#8221;;s:36:&#8221;b324616f-bc56-42b8-83f9-72e8505a3752&#8243;;s:8:&#8221;filename&#8221;;s:29:&#8221;danske_malermestre_cover.jpeg&#8221;;s:4:&#8221;type&#8221;;s:5:&#8221;image&#8221;;s:7:&#8221;docType&#8221;;s:5:&#8221;other&#8221;;s:8:&#8221;mimeType&#8221;;s:10:&#8221;image\/jpeg&#8221;;s:9:&#8221;bucketKey&#8221;;s:103:&#8221;c43ad187-7d72-4bbe-84c4-98e6ac0beecf\/b324616f-bc56-42b8-83f9-72e8505a3752\/danske_malermestre_cover.jpeg&#8221;;s:3:&#8221;alt&#8221;;N;s:6:&#8221;public&#8221;;b:1;s:4:&#8221;isCp&#8221;;b:1;s:4:&#8221;temp&#8221;;b:0;s:9:&#8221;createdAt&#8221;;s:24:&#8221;2026-01-09T09:23:56.355Z&#8221;;s:9:&#8221;updatedAt&#8221;;s:24:&#8221;2026-01-09T09:24:07.376Z&#8221;;s:10:&#8221;brandingId&#8221;;N;s:7:&#8221;blockId&#8221;;i:14819;s:14:&#8221;organizationId&#8221;;i:926;s:10:&#8221;positionId&#8221;;N;s:13:&#8221;applicationId&#8221;;N;}}}i:2;a:24:{s:13:&#8221;buttonActions&#8221;;a:2:{s:19:&#8221;primaryButtonAction&#8221;;N;s:21:&#8221;secondaryButtonAction&#8221;;N;}s:2:&#8221;id&#8221;;i:14820;s:4:&#8221;type&#8221;;s:5:&#8221;image&#8221;;s:8:&#8221;listType&#8221;;N;s:10:&#8221;blockOrder&#8221;;i:2;s:5:&#8221;title&#8221;;s:8:&#8221;An image&#8221;;s:8:&#8221;subTitle&#8221;;N;s:4:&#8221;body&#8221;;N;s:14:&#8221;backgroundType&#8221;;N;s:17:&#8221;backgroundPattern&#8221;;N;s:15:&#8221;backgroundColor&#8221;;s:11:&#8221;transparent&#8221;;s:15:&#8221;backgroundVideo&#8221;;N;s:9:&#8221;blockSize&#8221;;s:2:&#8221;md&#8221;;s:15:&#8221;paddingVertical&#8221;;s:2:&#8221;sm&#8221;;s:9:&#8221;imageLeft&#8221;;b:1;s:19:&#8221;primaryButtonAction&#8221;;N;s:21:&#8221;secondaryButtonAction&#8221;;N;s:11:&#8221;contactName&#8221;;N;s:12:&#8221;contactEmail&#8221;;N;s:9:&#8221;createdAt&#8221;;s:24:&#8221;2026-01-09T09:29:13.362Z&#8221;;s:9:&#8221;updatedAt&#8221;;s:24:&#8221;2026-01-09T09:30:04.556Z&#8221;;s:6:&#8221;pageId&#8221;;i:3105;s:14:&#8221;organizationId&#8221;;i:926;s:5:&#8221;files&#8221;;a:1:{i:0;a:18:{s:2:&#8221;id&#8221;;i:179089;s:4:&#8221;uuid&#8221;;s:36:&#8221;cf181993-6a1e-42f5-8287-443f8408c8f0&#8243;;s:8:&#8221;filename&#8221;;s:16:&#8221;Web_1920___2.png&#8221;;s:4:&#8221;type&#8221;;s:5:&#8221;image&#8221;;s:7:&#8221;docType&#8221;;s:5:&#8221;other&#8221;;s:8:&#8221;mimeType&#8221;;s:9:&#8221;image\/png&#8221;;s:9:&#8221;bucketKey&#8221;;s:90:&#8221;c43ad187-7d72-4bbe-84c4-98e6ac0beecf\/cf181993-6a1e-42f5-8287-443f8408c8f0\/Web_1920___2.png&#8221;;s:3:&#8221;alt&#8221;;N;s:6:&#8221;public&#8221;;b:1;s:4:&#8221;isCp&#8221;;b:1;s:4:&#8221;temp&#8221;;b:0;s:9:&#8221;createdAt&#8221;;s:24:&#8221;2026-01-09T14:04:30.602Z&#8221;;s:9:&#8221;updatedAt&#8221;;s:24:&#8221;2026-01-09T14:04:55.576Z&#8221;;s:10:&#8221;brandingId&#8221;;N;s:7:&#8221;blockId&#8221;;i:14820;s:14:&#8221;organizationId&#8221;;i:926;s:10:&#8221;positionId&#8221;;N;s:13:&#8221;applicationId&#8221;;N;}}}i:3;a:24:{s:13:&#8221;buttonActions&#8221;;a:2:{s:19:&#8221;primaryButtonAction&#8221;;N;s:21:&#8221;secondaryButtonAction&#8221;;N;}s:2:&#8221;id&#8221;;i:14812;s:4:&#8221;type&#8221;;s:4:&#8221;list&#8221;;s:8:&#8221;listType&#8221;;s:6:&#8221;job_ad&#8221;;s:10:&#8221;blockOrder&#8221;;i:3;s:5:&#8221;title&#8221;;s:17:&#8221;Ledige stillinger&#8221;;s:8:&#8221;subTitle&#8221;;N;s:4:&#8221;body&#8221;;N;s:14:&#8221;backgroundType&#8221;;N;s:17:&#8221;backgroundPattern&#8221;;N;s:15:&#8221;backgroundColor&#8221;;s:11:&#8221;transparent&#8221;;s:15:&#8221;backgroundVideo&#8221;;N;s:9:&#8221;blockSize&#8221;;s:2:&#8221;md&#8221;;s:15:&#8221;paddingVertical&#8221;;s:2:&#8221;md&#8221;;s:9:&#8221;imageLeft&#8221;;b:1;s:19:&#8221;primaryButtonAction&#8221;;N;s:21:&#8221;secondaryButtonAction&#8221;;N;s:11:&#8221;contactName&#8221;;N;s:12:&#8221;contactEmail&#8221;;N;s:9:&#8221;createdAt&#8221;;s:24:&#8221;2026-01-09T08:56:55.389Z&#8221;;s:9:&#8221;updatedAt&#8221;;s:24:&#8221;2026-01-09T14:02:05.569Z&#8221;;s:6:&#8221;pageId&#8221;;i:3105;s:14:&#8221;organizationId&#8221;;i:926;s:5:&#8221;files&#8221;;a:0:{}}i:4;a:24:{s:13:&#8221;buttonActions&#8221;;a:2:{s:19:&#8221;primaryButtonAction&#8221;;N;s:21:&#8221;secondaryButtonAction&#8221;;N;}s:2:&#8221;id&#8221;;i:14813;s:4:&#8221;type&#8221;;s:6:&#8221;footer&#8221;;s:8:&#8221;listType&#8221;;N;s:10:&#8221;blockOrder&#8221;;i:4;s:5:&#8221;title&#8221;;N;s:8:&#8221;subTitle&#8221;;N;s:4:&#8221;body&#8221;;N;s:14:&#8221;backgroundType&#8221;;N;s:17:&#8221;backgroundPattern&#8221;;N;s:15:&#8221;backgroundColor&#8221;;s:11:&#8221;transparent&#8221;;s:15:&#8221;backgroundVideo&#8221;;N;s:9:&#8221;blockSize&#8221;;s:2:&#8221;md&#8221;;s:15:&#8221;paddingVertical&#8221;;s:2:&#8221;md&#8221;;s:9:&#8221;imageLeft&#8221;;b:1;s:19:&#8221;primaryButtonAction&#8221;;N;s:21:&#8221;secondaryButtonAction&#8221;;N;s:11:&#8221;contactName&#8221;;N;s:12:&#8221;contactEmail&#8221;;N;s:9:&#8221;createdAt&#8221;;s:24:&#8221;2026-01-09T08:56:55.395Z&#8221;;s:9:&#8221;updatedAt&#8221;;s:24:&#8221;2026-01-09T14:02:05.573Z&#8221;;s:6:&#8221;pageId&#8221;;i:3105;s:14:&#8221;organizationId&#8221;;i:926;s:5:&#8221;files&#8221;;a:0:{}}}<\/p>\n","protected":false},"excerpt":{"rendered":"<p>Lad os arbejde sammen! Se vores ledige stillinger her!<\/p>\n","protected":false},"author":1,"featured_media":10,"parent":0,"menu_order":0,"comment_status":"closed","ping_status":"closed","template":"","meta":{"footnotes":""},"categories":[],"class_list":["post-6","page","type-page","status-publish","has-post-thumbnail","hentry"],"_links":{"self":[{"href":"https:\/\/career.hitalento.com\/danske-malermestre\/wp-json\/wp\/v2\/pages\/6","targetHints":{"allow":["GET"]}}],"collection":[{"href":"https:\/\/career.hitalento.com\/danske-malermestre\/wp-json\/wp\/v2\/pages"}],"about":[{"href":"https:\/\/career.hitalento.com\/danske-malermestre\/wp-json\/wp\/v2\/types\/page"}],"author":[{"embeddable":true,"href":"https:\/\/career.hitalento.com\/danske-malermestre\/wp-json\/wp\/v2\/users\/1"}],"replies":[{"embeddable":true,"href":"https:\/\/career.hitalento.com\/danske-malermestre\/wp-json\/wp\/v2\/comments?post=6"}],"version-history":[{"count":0,"href":"https:\/\/career.hitalento.com\/danske-malermestre\/wp-json\/wp\/v2\/pages\/6\/revisions"}],"wp:featuredmedia":[{"embeddable":true,"href":"https:\/\/career.hitalento.com\/danske-malermestre\/wp-json\/wp\/v2\/media\/10"}],"wp:attachment":[{"href":"https:\/\/career.hitalento.com\/danske-malermestre\/wp-json\/wp\/v2\/media?parent=6"}],"wp:term":[{"taxonomy":"category","embeddable":true,"href":"https:\/\/career.hitalento.com\/danske-malermestre\/wp-json\/wp\/v2\/categories?post=6"}],"curies":[{"name":"wp","href":"https:\/\/api.w.org\/{rel}","templated":true}]}}