{"id":7,"date":"2024-11-25T13:40:14","date_gmt":"2024-11-25T13:40:14","guid":{"rendered":"https:\/\/career.hitalento.com\/davidsen\/davidsen\/"},"modified":"2024-11-25T16:16:12","modified_gmt":"2024-11-25T16:16:12","slug":"davidsen","status":"publish","type":"page","link":"https:\/\/career.hitalento.com\/davidsen\/","title":{"rendered":"Davidsen"},"content":{"rendered":"<p>a:9:{i:0;a:24:{s:13:&#8221;buttonActions&#8221;;a:2:{s:19:&#8221;primaryButtonAction&#8221;;a:2:{s:6:&#8221;action&#8221;;s:24:&#8221;scroll_to_open_positions&#8221;;s:3:&#8221;url&#8221;;s:15:&#8221;#open_positions&#8221;;}s:21:&#8221;secondaryButtonAction&#8221;;N;}s:2:&#8221;id&#8221;;i:8879;s:4:&#8221;type&#8221;;s:6:&#8221;header&#8221;;s:8:&#8221;listType&#8221;;N;s:10:&#8221;blockOrder&#8221;;i:0;s:5:&#8221;title&#8221;;s:28:&#8221;Bliv en del af team Davidsen&#8221;;s:8:&#8221;subTitle&#8221;;N;s:4:&#8221;body&#8221;;N;s:14:&#8221;backgroundType&#8221;;s:5:&#8221;image&#8221;;s:17:&#8221;backgroundPattern&#8221;;N;s:15:&#8221;backgroundColor&#8221;;s:11:&#8221;transparent&#8221;;s:15:&#8221;backgroundVideo&#8221;;N;s:9:&#8221;blockSize&#8221;;s:2:&#8221;lg&#8221;;s:15:&#8221;paddingVertical&#8221;;s:2:&#8221;md&#8221;;s:9:&#8221;imageLeft&#8221;;b:1;s:19:&#8221;primaryButtonAction&#8221;;s:24:&#8221;scroll_to_open_positions&#8221;;s:21:&#8221;secondaryButtonAction&#8221;;N;s:11:&#8221;contactName&#8221;;N;s:12:&#8221;contactEmail&#8221;;N;s:9:&#8221;createdAt&#8221;;s:24:&#8221;2024-11-25T13:40:14.133Z&#8221;;s:9:&#8221;updatedAt&#8221;;s:24:&#8221;2024-11-25T14:43:42.513Z&#8221;;s:6:&#8221;pageId&#8221;;i:1929;s:14:&#8221;organizationId&#8221;;i:621;s:5:&#8221;files&#8221;;a:1:{i:0;a:18:{s:2:&#8221;id&#8221;;i:81161;s:4:&#8221;uuid&#8221;;s:36:&#8221;297d5b5a-6172-4dfb-9faf-19ec52c5e1ff&#8221;;s:8:&#8221;filename&#8221;;s:33:&#8221;Aarsrapport_Breaker_Image2_Ny.png&#8221;;s:4:&#8221;type&#8221;;s:5:&#8221;image&#8221;;s:7:&#8221;docType&#8221;;s:5:&#8221;other&#8221;;s:8:&#8221;mimeType&#8221;;s:9:&#8221;image\/png&#8221;;s:9:&#8221;bucketKey&#8221;;s:107:&#8221;da6d9222-3319-4f94-a23a-6d3c12bdb789\/297d5b5a-6172-4dfb-9faf-19ec52c5e1ff\/Aarsrapport_Breaker_Image2_Ny.png&#8221;;s:3:&#8221;alt&#8221;;N;s:6:&#8221;public&#8221;;b:1;s:4:&#8221;isCp&#8221;;b:1;s:4:&#8221;temp&#8221;;b:0;s:9:&#8221;createdAt&#8221;;s:24:&#8221;2024-11-25T14:42:10.130Z&#8221;;s:9:&#8221;updatedAt&#8221;;s:24:&#8221;2024-11-25T14:42:18.624Z&#8221;;s:10:&#8221;brandingId&#8221;;N;s:7:&#8221;blockId&#8221;;i:8879;s:14:&#8221;organizationId&#8221;;i:621;s:10:&#8221;positionId&#8221;;N;s:13:&#8221;applicationId&#8221;;N;}}}i:1;a:24:{s:13:&#8221;buttonActions&#8221;;a:2:{s:19:&#8221;primaryButtonAction&#8221;;N;s:21:&#8221;secondaryButtonAction&#8221;;N;}s:2:&#8221;id&#8221;;i:8881;s:4:&#8221;type&#8221;;s:9:&#8221;paragraph&#8221;;s:8:&#8221;listType&#8221;;N;s:10:&#8221;blockOrder&#8221;;i:1;s:5:&#8221;title&#8221;;s:0:&#8221;&#8221;;s:8:&#8221;subTitle&#8221;;N;s:4:&#8221;body&#8221;;s:110:&#8221;<\/p>\n<h2 class=\"ql-align-center\"><strong><em>\u201cHver for sig er vi gode &#8211; sammen er vi bedst.\u201d<\/em><\/strong><\/h2>\n<p>&#8220;;s:14:&#8221;backgroundType&#8221;;N;s:17:&#8221;backgroundPattern&#8221;;N;s:15:&#8221;backgroundColor&#8221;;s:7:&#8221;#f7f8f7&#8243;;s:15:&#8221;backgroundVideo&#8221;;N;s:9:&#8221;blockSize&#8221;;s:2:&#8221;md&#8221;;s:15:&#8221;paddingVertical&#8221;;s:2:&#8221;md&#8221;;s:9:&#8221;imageLeft&#8221;;b:1;s:19:&#8221;primaryButtonAction&#8221;;N;s:21:&#8221;secondaryButtonAction&#8221;;N;s:11:&#8221;contactName&#8221;;N;s:12:&#8221;contactEmail&#8221;;N;s:9:&#8221;createdAt&#8221;;s:24:&#8221;2024-11-25T13:40:14.140Z&#8221;;s:9:&#8221;updatedAt&#8221;;s:24:&#8221;2024-11-25T14:53:56.160Z&#8221;;s:6:&#8221;pageId&#8221;;i:1929;s:14:&#8221;organizationId&#8221;;i:621;s:5:&#8221;files&#8221;;a:0:{}}i:2;a:24:{s:13:&#8221;buttonActions&#8221;;a:2:{s:19:&#8221;primaryButtonAction&#8221;;N;s:21:&#8221;secondaryButtonAction&#8221;;N;}s:2:&#8221;id&#8221;;i:8893;s:4:&#8221;type&#8221;;s:9:&#8221;paragraph&#8221;;s:8:&#8221;listType&#8221;;N;s:10:&#8221;blockOrder&#8221;;i:2;s:5:&#8221;title&#8221;;s:23:&#8221;At arbejde hos Davidsen&#8221;;s:8:&#8221;subTitle&#8221;;N;s:4:&#8221;body&#8221;;s:904:&#8221;<\/p>\n<p><span>Vi er en landsd\u00e6kkende t\u00f8mmerhandel, som tilbyder en bred vifte af kvalitetsprodukter til byggeri.<\/span><\/p>\n<p>Hos Davidsen l\u00f8fter vi i flok p\u00e5 tv\u00e6rs af afdelinger og geografi. Her hos os er kommandovejen kort, og eventuelle udfordringer klares som regel over en kop kaffe. Vi arbejder ofte i teams og er i det hele taget fleksible og smidige i vores tilgang til dagens opgaver.<\/p>\n<p>Davidsen er en stor familie med lokationer fordelt rundt i landet, og mere end 1.000 medarbejdere. Her er der alle muligheder for at g\u00f8re karriere, og starter du \u00e9t sted, er der ingen som siger, at du skal blive der. Mulighederne er mange \u2013 begr\u00e6nsningerne f\u00e5.<\/p>\n<p>Hos Davidsen er vi altid p\u00e5 jagt efter nye og talentfulde kollegaer, der br\u00e6nder efter at udvikle virksomheden sammen med os.<\/p>\n<p><strong>Vi gl\u00e6der os til at modtage din ans\u00f8gning!<\/strong><\/p>\n<p>&#8220;;s:14:&#8221;backgroundType&#8221;;N;s:17:&#8221;backgroundPattern&#8221;;N;s:15:&#8221;backgroundColor&#8221;;s:11:&#8221;transparent&#8221;;s:15:&#8221;backgroundVideo&#8221;;N;s:9:&#8221;blockSize&#8221;;s:2:&#8221;md&#8221;;s:15:&#8221;paddingVertical&#8221;;s:2:&#8221;sm&#8221;;s:9:&#8221;imageLeft&#8221;;b:1;s:19:&#8221;primaryButtonAction&#8221;;N;s:21:&#8221;secondaryButtonAction&#8221;;N;s:11:&#8221;contactName&#8221;;N;s:12:&#8221;contactEmail&#8221;;N;s:9:&#8221;createdAt&#8221;;s:24:&#8221;2024-11-25T14:45:50.295Z&#8221;;s:9:&#8221;updatedAt&#8221;;s:24:&#8221;2024-11-25T14:54:08.221Z&#8221;;s:6:&#8221;pageId&#8221;;i:1929;s:14:&#8221;organizationId&#8221;;i:621;s:5:&#8221;files&#8221;;a:0:{}}i:3;a:24:{s:13:&#8221;buttonActions&#8221;;a:2:{s:19:&#8221;primaryButtonAction&#8221;;N;s:21:&#8221;secondaryButtonAction&#8221;;N;}s:2:&#8221;id&#8221;;i:8892;s:4:&#8221;type&#8221;;s:5:&#8221;image&#8221;;s:8:&#8221;listType&#8221;;N;s:10:&#8221;blockOrder&#8221;;i:3;s:5:&#8221;title&#8221;;s:8:&#8221;An image&#8221;;s:8:&#8221;subTitle&#8221;;N;s:4:&#8221;body&#8221;;N;s:14:&#8221;backgroundType&#8221;;N;s:17:&#8221;backgroundPattern&#8221;;N;s:15:&#8221;backgroundColor&#8221;;s:11:&#8221;transparent&#8221;;s:15:&#8221;backgroundVideo&#8221;;N;s:9:&#8221;blockSize&#8221;;s:2:&#8221;md&#8221;;s:15:&#8221;paddingVertical&#8221;;s:2:&#8221;sm&#8221;;s:9:&#8221;imageLeft&#8221;;b:1;s:19:&#8221;primaryButtonAction&#8221;;N;s:21:&#8221;secondaryButtonAction&#8221;;N;s:11:&#8221;contactName&#8221;;N;s:12:&#8221;contactEmail&#8221;;N;s:9:&#8221;createdAt&#8221;;s:24:&#8221;2024-11-25T14:45:50.289Z&#8221;;s:9:&#8221;updatedAt&#8221;;s:24:&#8221;2024-11-25T14:45:50.289Z&#8221;;s:6:&#8221;pageId&#8221;;i:1929;s:14:&#8221;organizationId&#8221;;i:621;s:5:&#8221;files&#8221;;a:1:{i:0;a:18:{s:2:&#8221;id&#8221;;i:81162;s:4:&#8221;uuid&#8221;;s:36:&#8221;ad6db81c-d081-4d86-853f-69ad69665498&#8243;;s:8:&#8221;filename&#8221;;s:13:&#8221;Haderselv.png&#8221;;s:4:&#8221;type&#8221;;s:5:&#8221;image&#8221;;s:7:&#8221;docType&#8221;;s:5:&#8221;other&#8221;;s:8:&#8221;mimeType&#8221;;s:9:&#8221;image\/png&#8221;;s:9:&#8221;bucketKey&#8221;;s:87:&#8221;da6d9222-3319-4f94-a23a-6d3c12bdb789\/ad6db81c-d081-4d86-853f-69ad69665498\/Haderselv.png&#8221;;s:3:&#8221;alt&#8221;;N;s:6:&#8221;public&#8221;;b:1;s:4:&#8221;isCp&#8221;;b:1;s:4:&#8221;temp&#8221;;b:0;s:9:&#8221;createdAt&#8221;;s:24:&#8221;2024-11-25T14:45:48.572Z&#8221;;s:9:&#8221;updatedAt&#8221;;s:24:&#8221;2024-11-25T14:45:50.941Z&#8221;;s:10:&#8221;brandingId&#8221;;N;s:7:&#8221;blockId&#8221;;i:8892;s:14:&#8221;organizationId&#8221;;i:621;s:10:&#8221;positionId&#8221;;N;s:13:&#8221;applicationId&#8221;;N;}}}i:4;a:24:{s:13:&#8221;buttonActions&#8221;;a:2:{s:19:&#8221;primaryButtonAction&#8221;;N;s:21:&#8221;secondaryButtonAction&#8221;;N;}s:2:&#8221;id&#8221;;i:8915;s:4:&#8221;type&#8221;;s:9:&#8221;paragraph&#8221;;s:8:&#8221;listType&#8221;;N;s:10:&#8221;blockOrder&#8221;;i:4;s:5:&#8221;title&#8221;;s:0:&#8221;&#8221;;s:8:&#8221;subTitle&#8221;;N;s:4:&#8221;body&#8221;;N;s:14:&#8221;backgroundType&#8221;;N;s:17:&#8221;backgroundPattern&#8221;;N;s:15:&#8221;backgroundColor&#8221;;s:7:&#8221;#f7f8f7&#8243;;s:15:&#8221;backgroundVideo&#8221;;N;s:9:&#8221;blockSize&#8221;;s:2:&#8221;md&#8221;;s:15:&#8221;paddingVertical&#8221;;s:2:&#8221;sm&#8221;;s:9:&#8221;imageLeft&#8221;;b:1;s:19:&#8221;primaryButtonAction&#8221;;N;s:21:&#8221;secondaryButtonAction&#8221;;N;s:11:&#8221;contactName&#8221;;N;s:12:&#8221;contactEmail&#8221;;N;s:9:&#8221;createdAt&#8221;;s:24:&#8221;2024-11-25T14:50:36.412Z&#8221;;s:9:&#8221;updatedAt&#8221;;s:24:&#8221;2024-11-25T14:50:46.770Z&#8221;;s:6:&#8221;pageId&#8221;;i:1929;s:14:&#8221;organizationId&#8221;;i:621;s:5:&#8221;files&#8221;;a:0:{}}i:5;a:24:{s:13:&#8221;buttonActions&#8221;;a:2:{s:19:&#8221;primaryButtonAction&#8221;;N;s:21:&#8221;secondaryButtonAction&#8221;;N;}s:2:&#8221;id&#8221;;i:8896;s:4:&#8221;type&#8221;;s:20:&#8221;paragraph_with_image&#8221;;s:8:&#8221;listType&#8221;;N;s:10:&#8221;blockOrder&#8221;;i:5;s:5:&#8221;title&#8221;;s:19:&#8221;M\u00f8d en medarbejder&#8221;;s:8:&#8221;subTitle&#8221;;N;s:4:&#8221;body&#8221;;s:590:&#8221;<\/p>\n<p><strong>Charlotte, Tr\u00e6lastchef<\/strong><\/p>\n<p>Mange virksomheder taler om forandring, men hos Davidsen oplever jeg, at der ogs\u00e5 er handling bag. Vi arbejder mod noget nyt og st\u00f8rre hele tiden og har vores kunder i fokus.Jeg har en fortid i Fakta, og startede som detailchef hos Davidsen i Vojens, inden jeg rykkede videre til Toftlund, hvor jeg i dag er tr\u00e6lastchef. Hvis man er fokuseret &#8211; og har viljen &#8211; er der alle muligheder for at g\u00f8re karriere i koncernen. Davidsen er en stor virksomhed med et godt image, og de sikrer samtidig konstant udvikling for deres medarbejdere.<\/p>\n<p>&#8220;;s:14:&#8221;backgroundType&#8221;;N;s:17:&#8221;backgroundPattern&#8221;;N;s:15:&#8221;backgroundColor&#8221;;s:11:&#8221;transparent&#8221;;s:15:&#8221;backgroundVideo&#8221;;N;s:9:&#8221;blockSize&#8221;;s:2:&#8221;md&#8221;;s:15:&#8221;paddingVertical&#8221;;s:2:&#8221;sm&#8221;;s:9:&#8221;imageLeft&#8221;;b:1;s:19:&#8221;primaryButtonAction&#8221;;N;s:21:&#8221;secondaryButtonAction&#8221;;N;s:11:&#8221;contactName&#8221;;N;s:12:&#8221;contactEmail&#8221;;N;s:9:&#8221;createdAt&#8221;;s:24:&#8221;2024-11-25T14:47:59.357Z&#8221;;s:9:&#8221;updatedAt&#8221;;s:24:&#8221;2024-11-25T16:16:12.348Z&#8221;;s:6:&#8221;pageId&#8221;;i:1929;s:14:&#8221;organizationId&#8221;;i:621;s:5:&#8221;files&#8221;;a:2:{i:0;a:18:{s:2:&#8221;id&#8221;;i:81192;s:4:&#8221;uuid&#8221;;s:36:&#8221;cdcab95a-71ea-411b-8b13-e959d9e78557&#8243;;s:8:&#8221;filename&#8221;;s:37:&#8221;Davidsen___medarbejderudtalelse_1.png&#8221;;s:4:&#8221;type&#8221;;s:5:&#8221;image&#8221;;s:7:&#8221;docType&#8221;;s:5:&#8221;other&#8221;;s:8:&#8221;mimeType&#8221;;s:9:&#8221;image\/png&#8221;;s:9:&#8221;bucketKey&#8221;;s:111:&#8221;da6d9222-3319-4f94-a23a-6d3c12bdb789\/cdcab95a-71ea-411b-8b13-e959d9e78557\/Davidsen___medarbejderudtalelse_1.png&#8221;;s:3:&#8221;alt&#8221;;N;s:6:&#8221;public&#8221;;b:1;s:4:&#8221;isCp&#8221;;b:1;s:4:&#8221;temp&#8221;;b:0;s:9:&#8221;createdAt&#8221;;s:24:&#8221;2024-11-25T16:13:30.220Z&#8221;;s:9:&#8221;updatedAt&#8221;;s:24:&#8221;2024-11-25T16:14:02.693Z&#8221;;s:10:&#8221;brandingId&#8221;;N;s:7:&#8221;blockId&#8221;;i:8896;s:14:&#8221;organizationId&#8221;;i:621;s:10:&#8221;positionId&#8221;;N;s:13:&#8221;applicationId&#8221;;N;}i:1;a:18:{s:2:&#8221;id&#8221;;i:81191;s:4:&#8221;uuid&#8221;;s:36:&#8221;25dd9406-1db6-4c2a-b701-75311007ac2a&#8221;;s:8:&#8221;filename&#8221;;s:37:&#8221;Davidsen___medarbejderudtalelse_1.png&#8221;;s:4:&#8221;type&#8221;;s:5:&#8221;image&#8221;;s:7:&#8221;docType&#8221;;s:5:&#8221;other&#8221;;s:8:&#8221;mimeType&#8221;;s:9:&#8221;image\/png&#8221;;s:9:&#8221;bucketKey&#8221;;s:111:&#8221;da6d9222-3319-4f94-a23a-6d3c12bdb789\/25dd9406-1db6-4c2a-b701-75311007ac2a\/Davidsen___medarbejderudtalelse_1.png&#8221;;s:3:&#8221;alt&#8221;;N;s:6:&#8221;public&#8221;;b:1;s:4:&#8221;isCp&#8221;;b:1;s:4:&#8221;temp&#8221;;b:0;s:9:&#8221;createdAt&#8221;;s:24:&#8221;2024-11-25T16:13:23.738Z&#8221;;s:9:&#8221;updatedAt&#8221;;s:24:&#8221;2024-11-25T16:14:02.551Z&#8221;;s:10:&#8221;brandingId&#8221;;N;s:7:&#8221;blockId&#8221;;i:8896;s:14:&#8221;organizationId&#8221;;i:621;s:10:&#8221;positionId&#8221;;N;s:13:&#8221;applicationId&#8221;;N;}}}i:6;a:24:{s:13:&#8221;buttonActions&#8221;;a:2:{s:19:&#8221;primaryButtonAction&#8221;;N;s:21:&#8221;secondaryButtonAction&#8221;;N;}s:2:&#8221;id&#8221;;i:8917;s:4:&#8221;type&#8221;;s:20:&#8221;paragraph_with_image&#8221;;s:8:&#8221;listType&#8221;;N;s:10:&#8221;blockOrder&#8221;;i:6;s:5:&#8221;title&#8221;;s:0:&#8221;&#8221;;s:8:&#8221;subTitle&#8221;;N;s:4:&#8221;body&#8221;;s:651:&#8221;<\/p>\n<p><strong>Brian, Chauff\u00f8r<\/strong><\/p>\n<p>Der er stor respekt omkring den enkelte medarbejder, og den flade struktur betyder, at der bliver lyttet til os, vi bliver inddraget, og vi bliver taget med p\u00e5 r\u00e5d. Det kan jeg rigtig godt lide.Jeg har arbejdet som selvst\u00e6ndig t\u00f8mrer i 14-15 \u00e5r, s\u00e5 jeg ved godt, hvor irriterende det er, n\u00e5r byggematerialerne leveres 500 meter fra byggepladsen. Derfor g\u00f8r vi chauff\u00f8rer alt, hvad vi kan, for at levere s\u00e5 t\u00e6t p\u00e5 pladsen som overhovedet muligt. Vi f\u00e5r stor ros af vores kunder, hvilket g\u00f8r mig b\u00e5de glad og stolt. Davidsen er en god og inddragende arbejdsplads, som jeg varmt kan anbefale.<\/p>\n<p>&#8220;;s:14:&#8221;backgroundType&#8221;;N;s:17:&#8221;backgroundPattern&#8221;;N;s:15:&#8221;backgroundColor&#8221;;s:11:&#8221;transparent&#8221;;s:15:&#8221;backgroundVideo&#8221;;N;s:9:&#8221;blockSize&#8221;;s:2:&#8221;md&#8221;;s:15:&#8221;paddingVertical&#8221;;s:2:&#8221;sm&#8221;;s:9:&#8221;imageLeft&#8221;;b:1;s:19:&#8221;primaryButtonAction&#8221;;N;s:21:&#8221;secondaryButtonAction&#8221;;N;s:11:&#8221;contactName&#8221;;N;s:12:&#8221;contactEmail&#8221;;N;s:9:&#8221;createdAt&#8221;;s:24:&#8221;2024-11-25T14:51:48.029Z&#8221;;s:9:&#8221;updatedAt&#8221;;s:24:&#8221;2024-11-25T16:15:50.789Z&#8221;;s:6:&#8221;pageId&#8221;;i:1929;s:14:&#8221;organizationId&#8221;;i:621;s:5:&#8221;files&#8221;;a:1:{i:0;a:18:{s:2:&#8221;id&#8221;;i:81193;s:4:&#8221;uuid&#8221;;s:36:&#8221;f050ee45-6be5-44f8-826d-a264ac6d619f&#8221;;s:8:&#8221;filename&#8221;;s:37:&#8221;Davidsen___medarbejderudtalelse_2.png&#8221;;s:4:&#8221;type&#8221;;s:5:&#8221;image&#8221;;s:7:&#8221;docType&#8221;;s:5:&#8221;other&#8221;;s:8:&#8221;mimeType&#8221;;s:9:&#8221;image\/png&#8221;;s:9:&#8221;bucketKey&#8221;;s:111:&#8221;da6d9222-3319-4f94-a23a-6d3c12bdb789\/f050ee45-6be5-44f8-826d-a264ac6d619f\/Davidsen___medarbejderudtalelse_2.png&#8221;;s:3:&#8221;alt&#8221;;N;s:6:&#8221;public&#8221;;b:1;s:4:&#8221;isCp&#8221;;b:1;s:4:&#8221;temp&#8221;;b:0;s:9:&#8221;createdAt&#8221;;s:24:&#8221;2024-11-25T16:15:36.914Z&#8221;;s:9:&#8221;updatedAt&#8221;;s:24:&#8221;2024-11-25T16:15:55.112Z&#8221;;s:10:&#8221;brandingId&#8221;;N;s:7:&#8221;blockId&#8221;;i:8917;s:14:&#8221;organizationId&#8221;;i:621;s:10:&#8221;positionId&#8221;;N;s:13:&#8221;applicationId&#8221;;N;}}}i:7;a:24:{s:13:&#8221;buttonActions&#8221;;a:2:{s:19:&#8221;primaryButtonAction&#8221;;N;s:21:&#8221;secondaryButtonAction&#8221;;N;}s:2:&#8221;id&#8221;;i:8882;s:4:&#8221;type&#8221;;s:4:&#8221;list&#8221;;s:8:&#8221;listType&#8221;;s:6:&#8221;job_ad&#8221;;s:10:&#8221;blockOrder&#8221;;i:7;s:5:&#8221;title&#8221;;s:14:&#8221;Open positions&#8221;;s:8:&#8221;subTitle&#8221;;N;s:4:&#8221;body&#8221;;N;s:14:&#8221;backgroundType&#8221;;N;s:17:&#8221;backgroundPattern&#8221;;N;s:15:&#8221;backgroundColor&#8221;;s:11:&#8221;transparent&#8221;;s:15:&#8221;backgroundVideo&#8221;;N;s:9:&#8221;blockSize&#8221;;s:2:&#8221;md&#8221;;s:15:&#8221;paddingVertical&#8221;;s:2:&#8221;md&#8221;;s:9:&#8221;imageLeft&#8221;;b:1;s:19:&#8221;primaryButtonAction&#8221;;N;s:21:&#8221;secondaryButtonAction&#8221;;N;s:11:&#8221;contactName&#8221;;N;s:12:&#8221;contactEmail&#8221;;N;s:9:&#8221;createdAt&#8221;;s:24:&#8221;2024-11-25T13:40:14.143Z&#8221;;s:9:&#8221;updatedAt&#8221;;s:24:&#8221;2024-11-25T16:15:50.792Z&#8221;;s:6:&#8221;pageId&#8221;;i:1929;s:14:&#8221;organizationId&#8221;;i:621;s:5:&#8221;files&#8221;;a:0:{}}i:8;a:24:{s:13:&#8221;buttonActions&#8221;;a:2:{s:19:&#8221;primaryButtonAction&#8221;;N;s:21:&#8221;secondaryButtonAction&#8221;;N;}s:2:&#8221;id&#8221;;i:8880;s:4:&#8221;type&#8221;;s:6:&#8221;footer&#8221;;s:8:&#8221;listType&#8221;;N;s:10:&#8221;blockOrder&#8221;;i:8;s:5:&#8221;title&#8221;;N;s:8:&#8221;subTitle&#8221;;N;s:4:&#8221;body&#8221;;N;s:14:&#8221;backgroundType&#8221;;N;s:17:&#8221;backgroundPattern&#8221;;N;s:15:&#8221;backgroundColor&#8221;;s:11:&#8221;transparent&#8221;;s:15:&#8221;backgroundVideo&#8221;;N;s:9:&#8221;blockSize&#8221;;s:2:&#8221;md&#8221;;s:15:&#8221;paddingVertical&#8221;;s:2:&#8221;md&#8221;;s:9:&#8221;imageLeft&#8221;;b:1;s:19:&#8221;primaryButtonAction&#8221;;N;s:21:&#8221;secondaryButtonAction&#8221;;N;s:11:&#8221;contactName&#8221;;N;s:12:&#8221;contactEmail&#8221;;N;s:9:&#8221;createdAt&#8221;;s:24:&#8221;2024-11-25T13:40:14.137Z&#8221;;s:9:&#8221;updatedAt&#8221;;s:24:&#8221;2024-11-25T16:15:50.794Z&#8221;;s:6:&#8221;pageId&#8221;;i:1929;s:14:&#8221;organizationId&#8221;;i:621;s:5:&#8221;files&#8221;;a:0:{}}}<\/p>\n","protected":false},"excerpt":{"rendered":"<p>Bliv en del af team Davidsen. Se vores ledige stillinger.<\/p>\n","protected":false},"author":1,"featured_media":0,"parent":0,"menu_order":0,"comment_status":"closed","ping_status":"closed","template":"","meta":{"footnotes":""},"categories":[],"class_list":["post-7","page","type-page","status-publish","hentry"],"_links":{"self":[{"href":"https:\/\/career.hitalento.com\/davidsen\/wp-json\/wp\/v2\/pages\/7","targetHints":{"allow":["GET"]}}],"collection":[{"href":"https:\/\/career.hitalento.com\/davidsen\/wp-json\/wp\/v2\/pages"}],"about":[{"href":"https:\/\/career.hitalento.com\/davidsen\/wp-json\/wp\/v2\/types\/page"}],"author":[{"embeddable":true,"href":"https:\/\/career.hitalento.com\/davidsen\/wp-json\/wp\/v2\/users\/1"}],"replies":[{"embeddable":true,"href":"https:\/\/career.hitalento.com\/davidsen\/wp-json\/wp\/v2\/comments?post=7"}],"version-history":[{"count":0,"href":"https:\/\/career.hitalento.com\/davidsen\/wp-json\/wp\/v2\/pages\/7\/revisions"}],"wp:attachment":[{"href":"https:\/\/career.hitalento.com\/davidsen\/wp-json\/wp\/v2\/media?parent=7"}],"wp:term":[{"taxonomy":"category","embeddable":true,"href":"https:\/\/career.hitalento.com\/davidsen\/wp-json\/wp\/v2\/categories?post=7"}],"curies":[{"name":"wp","href":"https:\/\/api.w.org\/{rel}","templated":true}]}}